f. What is the greatest common divisor of k and f?
15
Let r = 63 + -45. Let l be (-28 + 5)/(-1 - 0). Suppose k - 3*k = -o - l, 0 = -4*k - 4*o + 16. Calculate the greatest common factor of k and r.
9
Let m(o) = 4*o**3 - o**2 + 3*o + 4. Let i be m(3). What is the highest common divisor of i and 14?
14
Suppose -105 = -2*g - g. Let u = -58 + g. Let q = u - -45. What is the highest common factor of 198 and q?
22
Let a = -13 - -7. Let z be a/(-1) + (-1 - 1). Suppose 0 = -3*k - 5*b + 73, -z*k - 3*b + 5*b = -80. Calculate the greatest common factor of k and 21.
21
Let s(l) = l**3 + 7*l**2 + 6*l - 4. Let p = -24 - -19. Let t be s(p). What is the highest common factor of 80 and t?
16
Let d = 109 - 29. Let m(s) = -2*s - 6. Let k be m(-11). What is the highest common divisor of d and k?
16
Suppose -23 = 4*w + 5. Let c(o) = o**3 - 12*o**2 + 10*o - 5. Let n be c(11). Let j be n/56 + (-23)/w. Calculate the highest common factor of j and 3.
3
Let q(s) = s**3 + 5*s**2 - 5*s - 1. Let j be q(-4). What is the highest common divisor of j and 315?
35
Suppose x = -2*i - 2*i + 91, 2*i - 2*x = 58. Let q be (i/(-20))/(1/5). Let m be (-90)/4*16/q. What is the highest common factor of m and 12?
12
Let s(o) = 2*o**2 - 2 - 7*o - 2 + 0*o. Let x be s(10). Suppose 4*w + 26 = l, l = 2*l + 3*w - 5. What is the highest common factor of l and x?
14
Suppose 0 = -4*f - 2*j + 182, 6*f - 5*f = 5*j + 40. What is the highest common divisor of f and 9?
9
Suppose c + 5*k + 0 = 24, 3*c - 3*k = 0. Calculate the highest common divisor of 10 and c.
2
Let s be (-179)/(-3) + (-8)/(-24). What is the greatest common divisor of 15 and s?
15
Let g be 336/5 - 4/(-5). What is the greatest common factor of g and 17?
17
Let w(y) = -y**2 - 6*y - 1. Let t be w(-5). Suppose -36 = -t*x + x. Calculate the highest common divisor of x and 24.
12
Let d(q) = 3*q - 7. Let u be d(5). Calculate the greatest common divisor of u and 24.
8
Let o(x) = x**3 + 9*x**2 + 11*x - 10. Let r be o(-7). Let n = -63 - -96. Calculate the highest common divisor of r and n.
11
Let b be (-3 - 25/35 - -2)*-7. Calculate the highest common divisor of 6 and b.
6
Let g = 3 + -1. Suppose 0 = -4*y + 4*f + 72, 0 = -5*y + g*y + 2*f + 52. What is the greatest common factor of y and 144?
16
Let r(u) = -u - 3. Let l be r(-13). What is the highest common divisor of l and 10?
10
Let f be ((-3)/2)/(6/(-324)). Let z = 7 + -10. Let v(l) = -l**3 - l**2 + 4*l + 3. Let b be v(z). What is the greatest common divisor of f and b?
9
Let f = -9 + 11. Suppose -10 = -0*b - f*b. Calculate the greatest common factor of 15 and b.
5
Let b(j) = j**3 - 2*j**2 - 7*j + 4. Let m be (-4)/6 - 22/(-6). Suppose -m*l + 17 = 2. Let s be b(l). Calculate the greatest common factor of s and 4.
4
Suppose -6*o + 69 = -75. What is the greatest common divisor of o and 192?
24
Let m(v) = 6*v**2 + v - 1. Let g be m(-6). What is the highest common divisor of g and 22?
11
Let t = 21 + -5. Let b = -8 + t. Suppose -2*q + 7*q = 10. Calculate the greatest common factor of b and q.
2
Let f(t) = t**3 + t**2 + 4*t. Let j be f(3). Let u be (-5)/(25/(-90)) + -6. What is the highest common factor of j and u?
12
Let t = 39 - 13. Calculate the greatest common factor of 26 and t.
26
Let v be ((-2)/(-5))/((-10)/(-25)). What is the highest common factor of v and 2?
1
Suppose -3*g - 8 = -5*g. Suppose -g*x + 432 = -x. Calculate the highest common factor of 16 and x.
16
Let k be 39/39 + 56/1. What is the greatest common divisor of 38 and k?
19
Let m = 23 - 13. What is the highest common factor of 60 and m?
10
Suppose 0 = 3*h + s - 12, -5*h = -2*s - 7 - 13. Let f be h/4 - -1 - -194. What is the highest common divisor of 28 and f?
28
Let y = 30 - 22. What is the highest common factor of y and 2?
2
Let x(l) = l**3 + 4*l**2 - 7*l - 4. Let q be x(-5). Let g = 229 + -175. What is the greatest common divisor of q and g?
6
Let j(n) = -20*n**3 - n**2 - 2*n - 1. Let d be j(-1). Suppose 0 = -4*x + d - 0. Let v be (-6)/(-2) + (-2)/2. What is the highest common divisor of x and v?
1
Let n = 9 + -5. What is the highest common divisor of n and 8?
4
Suppose -3*y + 2*y - 14 = 0. Let z be 80/y*(-35)/10. Calculate the highest common divisor of 8 and z.
4
Let n = 1 + -6. Let p = 9 - n. What is the greatest common factor of 7 and p?
7
Suppose 3*i + t - 3 = 4, 5*i - 9 = -t. Suppose 381 = 5*w + 376. Calculate the greatest common divisor of w and i.
1
Let l be 6/9*(-54)/(-4). Let q(t) be the second derivative of 18*t**5/5 + t**4/12 - t**3/6 - 2*t. Let s be q(1). What is the greatest common factor of s and l?
9
Let j be -14*3/24*-4. Calculate the greatest common factor of 7 and j.
7
Let u(p) = -p**3 + 12*p**2 - 14*p - 9. Let j be u(10). What is the highest common divisor of 102 and j?
51
Let c(n) = -2*n**2 + 3*n**3 + 4*n**3 - 5*n + 11*n**2 - 6 - 6*n**3. Let h be c(-9). Let m = 12 - -1. Calculate the greatest common factor of h and m.
13
Let c = 5 - 10. Let x(v) = -v**2 - 6*v + 3. Let o be x(c). What is the highest common factor of 88 and o?
8
Let t = 22 + -11. Let r = t + 1. What is the greatest common factor of r and 3?
3
Let h be 1 + -3 - (-14)/2. Suppose h*x - 49 = -19. What is the highest common factor of x and 15?
3
Suppose -3*k + 9 = -6. Suppose v = k*v - 396. Suppose -1 = b, -2*s - 4*b + 15 + 3 = 0. Calculate the highest common factor of v and s.
11
Suppose 2*g = -7 + 3. Let y be (g/(-4))/((-2)/(-12)). Calculate the greatest common factor of y and 9.
3
Let d = 64 + -43. What is the greatest common factor of 21 and d?
21
Let t = 4 + 0. Suppose t*u - 293 = 5*d - 6*d, 2*d = 5*u - 350. Let l = 13 + u. What is the greatest common factor of 34 and l?
17
Let o(h) = -17*h - 22. Let p be o(-5). What is the highest common divisor of p and 9?
9
Suppose 2*g + 0*g = 0. Suppose r + g*r = 3. Suppose -3*h + h + 32 = r*n, 32 = 5*n - 2*h. Calculate the highest common factor of n and 72.
8
Suppose -3*n + 11 = -7. Let j be 45 + (0 - (-18)/6). What is the highest common divisor of j and n?
6
Suppose 3*n = -4*u + 5, 5*u + 4*n = 3*u. Suppose 4 = u*p - o, -2*o - 3 = -3*p + 2. Let q be ((-5)/(-2))/(p/6). What is the greatest common factor of q and 5?
5
Let m be (-4)/(-18) - 34/(-9). Suppose -21 - 11 = -m*h. Calculate the greatest common factor of 56 and h.
8
Suppose -2*s + 2*p + 24 = -16, 0 = 5*s - 2*p - 88. Calculate the highest common divisor of s and 32.
16
Suppose 9*s = -u + 4*s - 11, 2*s - 19 = -3*u. Calculate the greatest common factor of 9 and u.
9
Let l(y) = -y**3 + 5*y - 8. Let u be l(-4). Calculate the highest common divisor of u and 12.
12
Let v(f) = 2*f - 2. Let z be v(3). Let j be 1/z - 1062/(-8). Calculate the greatest common divisor of j and 19.
19
Let k(s) = -s**3 + 7*s**2 - 2. Let o be k(7). Let w be (-5)/((o - 0)/2). Suppose -w*g - 65 = -390. Calculate the greatest common divisor of g and 26.
13
Let d be ((-2)/(-3))/(1/(-3)). Let s be 258 + 1 + 18/3 + -10. Let p be s/d*(-4)/6. Calculate the highest common factor of 17 and p.
17
Suppose -11 = -2*d + 1. Let z be 1/((-3)/d) + 5. What is the highest common divisor of 1 and z?
1
Let u(m) = -3 - 4*m + 5*m + 6. Let x be u(4). What is the greatest common divisor of 7 and x?
7
Suppose 0 = 9*s - s - 216. What is the greatest common factor of s and 18?
9
Let r be (-4)/(-8) + 7/2. Suppose -r*b = -0*b - 180. Suppose -5*z - 4*y + 42 = -5*y, 0 = -3*z + 2*y + 21. What is the highest common divisor of b and z?
9
Let z = 90 + -26. Let x = z + -19. Calculate the highest common divisor of 5 and x.
5
Suppose 0 = 11*n - 11 - 1606. What is the highest common divisor of n and 21?
21
Let i(f) = 5*f**2 + f - 4. Let y be i(3). Calculate the highest common factor of 4 and y.
4
Suppose -124 - 10 = -4*n + c, 0 = 2*n - 2*c - 70. What is the greatest common divisor of 11 and n?
11
Let k(a) = -2*a**2 - a + 51. Let u be k(0). What is the highest common factor of u and 34?
17
Let c = 49 - 135. Let b = 121 + c. Suppose 3*u + 14 = b. What is the greatest common divisor of 63 and u?
7
Let b(x) = -3*x**3 - 2*x**2 - 3*x. Let f be b(-4). Suppose -4*k - 11 = -3, -5*k = -3*p + f. Calculate the highest common factor of p and 9.
9
Let l be 146/8 + (-2)/8. Let v = 3 + 9. Calculate the greatest common factor of l and v.
6
Let r = 143 - 55. Suppose 18 = d + i - 6*i, 2*d - 2*i - 20 = 0. Calculate the highest common fac